75 = -2*q + 5*k, 0 = 6*q - 2*q - d*k - 142. Calculate the remainder when q is divided by 13.
9
Let o = -177 - -108. Let m = o - -130. Suppose 0 = 4*t - 67 + 3. What is the remainder when m is divided by t?
13
Let p be (1/(-1))/(3/6) - -38. Suppose -7*c = 34 + p. Let r(u) = -7*u + 21. Calculate the remainder when r(c) is divided by 24.
19
Let a = 39 - 34. Suppose -a*q + 389 = 4*r, 0 = 3*q - 6*q - 2*r + 235. Let s = -94 - -137. What is the remainder when q is divided by s?
38
What is the remainder when (6/(-4) + 14/12)/((-1)/3513) is divided by 69?
67
Calculate the remainder when 1172 is divided by 197/4 - (-64)/(-256).
45
Let k(m) = 2*m**2 - 9*m + 2. Suppose 0 = -b - 2*c + 1 + 33, -5*b + 2*c = -206. What is the remainder when b is divided by k(5)?
5
Let p = -148 - -109. Let j = 88 + p. What is the remainder when 195 is divided by j?
48
Let s(n) = -50*n - 15. Let y = 66 - 69. Let p be s(y). Suppose 17*d - 8*d - p = 0. What is the remainder when 28 is divided by d?
13
Let z = 5896 - 5876. Calculate the remainder when 553 is divided by z.
13
Let p(c) = -4*c + 35. Let q(n) = n**2 - 4*n - 1. Let d be q(3). What is the remainder when p(d) is divided by 13?
12
Let o(g) = -7*g + 16. Let l be o(20). Let n = 128 + l. Calculate the remainder when (-1)/(-4) + n + (-275)/(-20) is divided by 7.
4
Suppose -18 = 23*k - 29*k. Suppose 429 = k*l - 261. Calculate the remainder when l is divided by 8.
6
Let s(o) = o - 37. Let g be s(7). Calculate the remainder when (g/(-25))/((-3)/(-580)) is divided by 60.
52
Suppose 0 = -2*x + 7*x, 4*x + 10 = 5*b. Suppose -b*g = 14*k - 17*k + 549, -4*k + g = -737. Calculate the remainder when k is divided by 63.
59
Let q = 3980 - 3967. Calculate the remainder when 350 is divided by q.
12
Suppose 2*h - 202 = 3*j - 103, 0 = -5*h + 5*j + 260. What is the remainder when 1192 is divided by h?
52
Let q = -17 - -34. Suppose n - 3*w = 8, 0*w - 4 = 4*w. Suppose -3*c = -j + 8 - 32, 0 = 5*c + n*j - 60. Calculate the remainder when q is divided by c.
8
Let n = -43661 + 43903. What is the remainder when 31942 is divided by n?
240
What is the remainder when 7137711/513 + (-16)/(-12) is divided by 14?
13
Suppose 4*m + 2*i + i - 268 = 0, 0 = 5*m + 5*i - 330. Suppose -6*y = -m - 14. Let o = -1 + 56. Calculate the remainder when o is divided by y.
13
Let n(o) = -22*o**3 - 2*o**2 + 2*o - 1. Let a be n(1). Calculate the remainder when 25 is divided by a/(-3)*-5*(-9)/15.
2
Suppose -11*y + 6*y - 14 = -2*v, 0 = -5*v - 3*y + 97. Calculate the remainder when 3006 is divided by v.
14
Suppose -123*g - 60 = -121*g. Let w = g + 35. What is the remainder when 11 is divided by w?
1
Suppose 3 = -3*o, -2*i - 5*o + 6 = -5. Suppose -i*u = -12*u + 1496. What is the remainder when u is divided by 95?
89
Let q(r) be the second derivative of r**3/2 + 51*r**2/2 - r. Suppose 3*d = 15*d. Calculate the remainder when q(d) is divided by 14.
9
Let x = 0 - -8. Let j = x - -8. Suppose 2*m + 350 = 37*m. Calculate the remainder when j is divided by m.
6
Let x be (-568)/(-12) + 1/(-3). Suppose -2*n - 42 = -6*k + 2*k, -3*n = -4*k + x. What is the remainder when (-522)/54*(2 - 5) is divided by k?
5
Suppose 18*c = 16*c. Suppose c = -s + 9 + 25. Suppose -s = -8*p + 7*p. What is the remainder when p is divided by 18?
16
Let f = 27754 + -27735. Calculate the remainder when 2664 is divided by f.
4
Let a = 116 + -70. Suppose -2*u + 53 = 7*l, -12*l + 14*l = 2*u - 26. What is the remainder when a is divided by u?
14
Calculate the remainder when 676 is divided by 19/((-2)/(-24)*(6 - 2)).
49
What is the remainder when (10/9)/((-8)/(-384))*264/5 is divided by 91?
86
Suppose -2*w - 44 = -3*c - 1, w - 61 = -4*c. Suppose -7*q - 56 = -c*q. Suppose 4*z + 34 = 5*z. What is the remainder when z is divided by q?
6
Let m(g) = 7*g - 9. Let t be m(2). Suppose -3*d + k = d - 381, -t*d = 3*k - 472. Let o = -83 + d. Calculate the remainder when 141 is divided by o.
9
Let c = -442 + 957. What is the remainder when c is divided by 67?
46
Suppose 4*g - 27 = -m, 0 = 27*m - 22*m + 5*g - 135. What is the remainder when 2012 is divided by m?
14
Let u = 0 - 28. Calculate the remainder when 60 is divided by 3/(-3) - 3 - (u + -1).
10
Suppose x + 2*l = 26, 0 = -5*x - 3*l + 64 + 66. Calculate the remainder when 3813 is divided by x.
17
Let a = 439 - 384. Suppose 0*f = -7*f + 133. What is the remainder when a is divided by f?
17
Let r be -3*(10/15 + -2). Suppose 0 = -r*j + 6*j + 128. Let u = j - -111. Calculate the remainder when u is divided by 7.
5
Suppose 0 = 4*u + 16, 7*b = 6*b - 3*u + 17. Let s(y) = y**3 - y**2 - 2*y + 89. What is the remainder when s(0) is divided by b?
2
Suppose 12 = 6*h + 36. Let s(u) = u**3 + 6*u**2 - 10*u - 6. Calculate the remainder when s(h) is divided by 23.
20
Suppose 392 - 77 = -15*r. What is the remainder when 207 is divided by 7/r*(5 + -53)?
15
Let v be 1/(1*8/24). Suppose -3*z = -z + v*q - 60, 60 = 2*z - 5*q. What is the remainder when 237 is divided by z?
27
Let c = 78 - -11. Let g = -73 + c. Calculate the remainder when 47 is divided by g.
15
Let y(q) = -394*q + 6956. Calculate the remainder when y(16) is divided by 142.
84
Let j = 1516 - 1341. What is the remainder when j is divided by 144?
31
Let g(a) = -a - 14. Let j be g(-20). Calculate the remainder when j/5*1720/(-48)*-2 is divided by 31.
24
Suppose 0 = -2*x + 2, -22*x + 18*x = -5*k + 1621. What is the remainder when k is divided by 26?
13
Suppose -q + s = 3*q - 285, 3*q = -s + 205. Let u = 115 - -93. What is the remainder when u is divided by q?
68
Let m(o) = o**2 + 6*o + 9. Let a be m(-5). Suppose -10*l = a*l + 560. Let q = l + 45. What is the remainder when 18 is divided by q?
3
Suppose -173 = -w + 16. Calculate the remainder when 47 is divided by 8/3*w/42.
11
Let v(f) be the third derivative of -19*f**4/24 - f**3/6 - 3*f**2. What is the remainder when (20/15)/(-1)*-66 is divided by v(-1)?
16
Let i(n) = 2*n**2 - 4*n - 7. Let g(j) = 13*j - 23. Let w be g(16). Let z = w - 169. Calculate the remainder when i(-5) is divided by z.
15
Suppose -101*u = -1816 - 5052. What is the remainder when 344 is divided by u?
4
Let l be 6/9 + 146/(-3). Let b = 57 + l. Suppose -4*a - 46 = -5*w - 9, -9 = 3*a. Calculate the remainder when b is divided by w.
4
Let b(h) = -2*h**2 - 10*h - 8. Let p be b(-6). What is the remainder when 91 is divided by -2*(-1 + (-16)/p)*60?
19
Let d(q) = q**3 + q**2 + q + 1. Let k be d(3). Suppose 6*y - 2*y = k. Suppose -y*n + 16*n = 102. Calculate the remainder when n is divided by 7.
3
Let s(i) = -30*i - 624. Calculate the remainder when 279 is divided by s(-22).
27
Calculate the remainder when 6195/50 - (-45)/450 is divided by 118.
6
Let r = -113 + 180. Suppose w - 4*s + 38 = 3*w, -4*w = s - 90. Let f = w + -5. What is the remainder when r is divided by f?
13
Suppose 0 = -19*w + 14*w + 385. Suppose -s + 2*f = -143, 0 = -2*s + f + 197 + w. Suppose 17*t - s = 12*t. Calculate the remainder when 52 is divided by t.
25
Suppose -218*n + 216*n = -5*g + 633, -4*n = -g + 141. Calculate the remainder when 6997 is divided by g.
122
Let w(j) = 2*j**2 + j - 105. What is the remainder when 7860/(-24)*(-4)/10 is divided by w(-8)?
11
Let w(f) be the third derivative of -f**4/12 - 11*f**3/6 + 2*f**2 - 3*f. Let k = -30 - -17. Calculate the remainder when w(k) is divided by 7.
1
Let r(h) = -12*h + 21. Let k(y) = 1. Let a(x) = -4*k(x) - r(x). Let q(p) = -2*p + 8. Let m be q(0). Calculate the remainder when a(m) is divided by 18.
17
Let r(k) = 6*k**3 - 3*k**2 + k - 2. What is the remainder when (238/4816*43)/((-2)/(-112)) is divided by r(2)?
11
Let f(c) = 46*c**2 + 2. Let p(u) = 69*u**2 + 2. Let m(w) = -7*f(w) + 5*p(w). Calculate the remainder when m(-2) is divided by 9.
7
Suppose -z - 3*z - 4*r + 56 = 0, 5*r = 20. What is the remainder when 80 is divided by (z - 6) + (1 - -1 - -15)?
17
Let q(c) = c**2 - 49*c - 2026. What is the remainder when 11593 is divided by q(76)?
23
Suppose 2*r - 57 = -r. Suppose 3*p = r + 149. Let k = -46 + p. Calculate the remainder when k is divided by 4.
2
Let p be 2/14 + (1904/49)/8. Let l be p/(2/1 - (-1 + 2)). Suppose -3*c = h - 86, -2*h + 244 = h - l*c. What is the remainder when h is divided by 21?
20
Let l = -4 + 62. Let s(z) = 9*z**2 - z + 2. Let h be s(1). Let p(q) = -q**3 + 8*q**2 + 22*q + 2. 